{"id":5270,"date":"2025-04-05T21:38:33","date_gmt":"2025-04-05T19:38:33","guid":{"rendered":"https:\/\/boucherieargana.com\/?post_type=product&#038;p=5270"},"modified":"2025-04-08T03:59:46","modified_gmt":"2025-04-08T01:59:46","slug":"poulet-bien-etre-animal-francais","status":"publish","type":"product","link":"https:\/\/boucherieargana.com\/index.php\/product\/poulet-bien-etre-animal-francais\/","title":{"rendered":"Poulet bien \u00eatre animal francais"},"content":{"rendered":"<p>\u00c9lev\u00e9 en France dans le respect du bien-\u00eatre animal, ce poulet offre une chair tendre, savoureuse et de qualit\u00e9. Nourri sainement et \u00e9lev\u00e9 dans des conditions optimales, il garantit un produit \u00e0 la fois \u00e9thique, sain et plein de go\u00fbt.<\/p>\n","protected":false},"excerpt":{"rendered":"<p>\u00c9lev\u00e9 en France dans le respect du bien-\u00eatre animal, ce poulet offre une chair tendre, savoureuse et de qualit\u00e9. Nourri sainement et \u00e9lev\u00e9 dans des conditions optimales, il garantit un produit \u00e0 la fois \u00e9thique, sain et plein de go\u00fbt.<\/p>\n","protected":false},"featured_media":5328,"comment_status":"open","ping_status":"closed","template":"","meta":[],"product_cat":[39],"product_tag":[],"class_list":{"0":"post-5270","1":"product","2":"type-product","3":"status-publish","4":"has-post-thumbnail","6":"product_cat-viandes-blanches","8":"first","9":"instock","10":"shipping-taxable","11":"purchasable","12":"product-type-simple"},"jetpack_sharing_enabled":true,"_links":{"self":[{"href":"https:\/\/boucherieargana.com\/index.php\/wp-json\/wp\/v2\/product\/5270","targetHints":{"allow":["GET"]}}],"collection":[{"href":"https:\/\/boucherieargana.com\/index.php\/wp-json\/wp\/v2\/product"}],"about":[{"href":"https:\/\/boucherieargana.com\/index.php\/wp-json\/wp\/v2\/types\/product"}],"replies":[{"embeddable":true,"href":"https:\/\/boucherieargana.com\/index.php\/wp-json\/wp\/v2\/comments?post=5270"}],"wp:featuredmedia":[{"embeddable":true,"href":"https:\/\/boucherieargana.com\/index.php\/wp-json\/wp\/v2\/media\/5328"}],"wp:attachment":[{"href":"https:\/\/boucherieargana.com\/index.php\/wp-json\/wp\/v2\/media?parent=5270"}],"wp:term":[{"taxonomy":"product_cat","embeddable":true,"href":"https:\/\/boucherieargana.com\/index.php\/wp-json\/wp\/v2\/product_cat?post=5270"},{"taxonomy":"product_tag","embeddable":true,"href":"https:\/\/boucherieargana.com\/index.php\/wp-json\/wp\/v2\/product_tag?post=5270"}],"curies":[{"name":"wp","href":"https:\/\/api.w.org\/{rel}","templated":true}]}}