{"id":5241,"date":"2025-04-05T15:36:09","date_gmt":"2025-04-05T13:36:09","guid":{"rendered":"https:\/\/boucherieargana.com\/?post_type=product&#038;p=5241"},"modified":"2025-06-29T14:47:24","modified_gmt":"2025-06-29T12:47:24","slug":"cote-de-veau-blanc","status":"publish","type":"product","link":"https:\/\/boucherieargana.com\/index.php\/product\/cote-de-veau-blanc\/","title":{"rendered":"C\u00f4te de veau blanc"},"content":{"rendered":"<p>La c\u00f4te de veau blanc est une pi\u00e8ce noble, tendre et savoureuse, parfaite pour une cuisson \u00e0 la po\u00eale, au four ou au barbecue. Avec sa chair fine et juteuse, elle offre une exp\u00e9rience gustative raffin\u00e9e, id\u00e9ale pour les repas gourmets.<\/p>\n","protected":false},"excerpt":{"rendered":"<p>La c\u00f4te de veau blanc est une pi\u00e8ce noble, tendre et savoureuse, parfaite pour une cuisson \u00e0 la po\u00eale, au four ou au barbecue. Avec sa chair fine et juteuse, elle offre une exp\u00e9rience gustative raffin\u00e9e, id\u00e9ale pour les repas gourmets.<\/p>\n","protected":false},"featured_media":5242,"comment_status":"open","ping_status":"closed","template":"","meta":[],"product_cat":[63],"product_tag":[],"class_list":{"0":"post-5241","1":"product","2":"type-product","3":"status-publish","4":"has-post-thumbnail","6":"product_cat-veau-blanc","8":"first","9":"instock","10":"shipping-taxable","11":"purchasable","12":"product-type-simple"},"jetpack_sharing_enabled":true,"_links":{"self":[{"href":"https:\/\/boucherieargana.com\/index.php\/wp-json\/wp\/v2\/product\/5241","targetHints":{"allow":["GET"]}}],"collection":[{"href":"https:\/\/boucherieargana.com\/index.php\/wp-json\/wp\/v2\/product"}],"about":[{"href":"https:\/\/boucherieargana.com\/index.php\/wp-json\/wp\/v2\/types\/product"}],"replies":[{"embeddable":true,"href":"https:\/\/boucherieargana.com\/index.php\/wp-json\/wp\/v2\/comments?post=5241"}],"wp:featuredmedia":[{"embeddable":true,"href":"https:\/\/boucherieargana.com\/index.php\/wp-json\/wp\/v2\/media\/5242"}],"wp:attachment":[{"href":"https:\/\/boucherieargana.com\/index.php\/wp-json\/wp\/v2\/media?parent=5241"}],"wp:term":[{"taxonomy":"product_cat","embeddable":true,"href":"https:\/\/boucherieargana.com\/index.php\/wp-json\/wp\/v2\/product_cat?post=5241"},{"taxonomy":"product_tag","embeddable":true,"href":"https:\/\/boucherieargana.com\/index.php\/wp-json\/wp\/v2\/product_tag?post=5241"}],"curies":[{"name":"wp","href":"https:\/\/api.w.org\/{rel}","templated":true}]}}