{"id":5228,"date":"2025-04-05T03:47:57","date_gmt":"2025-04-05T01:47:57","guid":{"rendered":"https:\/\/boucherieargana.com\/?post_type=product&#038;p=5228"},"modified":"2025-09-06T16:14:21","modified_gmt":"2025-09-06T14:14:21","slug":"epaule-de-veau-blanc","status":"publish","type":"product","link":"https:\/\/boucherieargana.com\/index.php\/product\/epaule-de-veau-blanc\/","title":{"rendered":"Epaule de veau blanc"},"content":{"rendered":"<p>L\u2019\u00e9paule de veau blanc est une viande tendre et d\u00e9licate, parfaite pour les plats mijot\u00e9s. Riche en go\u00fbt, elle se pr\u00eate id\u00e9alement aux recettes traditionnelles comme la blanquette, les r\u00f4tis ou les saut\u00e9s de veau.<\/p>\n","protected":false},"excerpt":{"rendered":"<p>L\u2019\u00e9paule de veau blanc est une viande tendre et d\u00e9licate, parfaite pour les plats mijot\u00e9s. Riche en go\u00fbt, elle se pr\u00eate id\u00e9alement aux recettes traditionnelles comme la blanquette, les r\u00f4tis ou les saut\u00e9s de veau.<\/p>\n","protected":false},"featured_media":5360,"comment_status":"open","ping_status":"closed","template":"","meta":[],"product_cat":[63],"product_tag":[],"class_list":{"0":"post-5228","1":"product","2":"type-product","3":"status-publish","4":"has-post-thumbnail","6":"product_cat-veau-blanc","8":"first","9":"instock","10":"shipping-taxable","11":"purchasable","12":"product-type-simple"},"jetpack_sharing_enabled":true,"_links":{"self":[{"href":"https:\/\/boucherieargana.com\/index.php\/wp-json\/wp\/v2\/product\/5228","targetHints":{"allow":["GET"]}}],"collection":[{"href":"https:\/\/boucherieargana.com\/index.php\/wp-json\/wp\/v2\/product"}],"about":[{"href":"https:\/\/boucherieargana.com\/index.php\/wp-json\/wp\/v2\/types\/product"}],"replies":[{"embeddable":true,"href":"https:\/\/boucherieargana.com\/index.php\/wp-json\/wp\/v2\/comments?post=5228"}],"wp:featuredmedia":[{"embeddable":true,"href":"https:\/\/boucherieargana.com\/index.php\/wp-json\/wp\/v2\/media\/5360"}],"wp:attachment":[{"href":"https:\/\/boucherieargana.com\/index.php\/wp-json\/wp\/v2\/media?parent=5228"}],"wp:term":[{"taxonomy":"product_cat","embeddable":true,"href":"https:\/\/boucherieargana.com\/index.php\/wp-json\/wp\/v2\/product_cat?post=5228"},{"taxonomy":"product_tag","embeddable":true,"href":"https:\/\/boucherieargana.com\/index.php\/wp-json\/wp\/v2\/product_tag?post=5228"}],"curies":[{"name":"wp","href":"https:\/\/api.w.org\/{rel}","templated":true}]}}